en 13427596 is divided by 213134?
154
Calculate the remainder when 675754 is divided by 2990.
14
What is the remainder when 2772388 is divided by 924037?
277
What is the remainder when 7951244 is divided by 2419?
2410
Calculate the remainder when 3341182 is divided by 74.
8
What is the remainder when 89371 is divided by 89278?
93
What is the remainder when 530945 is divided by 7375?
7320
What is the remainder when 1014428 is divided by 12839?
147
Calculate the remainder when 907442171 is divided by 6.
5
Calculate the remainder when 13590419 is divided by 1677.
11
Calculate the remainder when 2636063 is divided by 36.
35
Calculate the remainder when 24446395 is divided by 15.
10
What is the remainder when 510170232 is divided by 80?
72
Calculate the remainder when 304083893 is divided by 3715.
3713
What is the remainder when 135536 is divided by 7528?
32
What is the remainder when 277814373 is divided by 46302394?
9
What is the remainder when 7845550 is divided by 216?
214
What is the remainder when 849090 is divided by 2486?
1364
What is the remainder when 68692495 is divided by 265?
255
Calculate the remainder when 1348189 is divided by 2357.
2342
Calculate the remainder when 171565 is divided by 7111.
901
What is the remainder when 20116 is divided by 644?
152
What is the remainder when 184988 is divided by 122?
36
Calculate the remainder when 14384644 is divided by 82.
40
What is the remainder when 14366448 is divided by 3280?
48
What is the remainder when 5710 is divided by 2759?
192
Calculate the remainder when 111109719 is divided by 19.
18
What is the remainder when 6757423 is divided by 250?
173
What is the remainder when 1028047 is divided by 228?
223
Calculate the remainder when 2145837 is divided by 49902.
51
What is the remainder when 3718673 is divided by 3718671?
2
What is the remainder when 24249 is divided by 23997?
252
Calculate the remainder when 23429548 is divided by 649.
648
What is the remainder when 42584111 is divided by 876?
875
What is the remainder when 136310 is divided by 19464?
62
Calculate the remainder when 5133825 is divided by 65.
60
Calculate the remainder when 10105030 is divided by 164.
6
What is the remainder when 191187 is divided by 81?
27
What is the remainder when 30555 is divided by 1614?
1503
What is the remainder when 382182 is divided by 15920?
102
Calculate the remainder when 317981 is divided by 158894.
193
What is the remainder when 73261434 is divided by 3946?
3944
What is the remainder when 273946 is divided by 359?
29
Calculate the remainder when 98605245 is divided by 1176.
1173
Calculate the remainder when 2183239 is divided by 2.
1
Calculate the remainder when 1470532 is divided by 133684.
8
What is the remainder when 13831855 is divided by 4838?
13
Calculate the remainder when 19645089 is divided by 604.
593
Calculate the remainder when 15174 is divided by 7126.
922
Calculate the remainder when 96828 is divided by 96662.
166
Calculate the remainder when 15304 is divided by 1150.
354
Calculate the remainder when 6863150 is divided by 85.
80
What is the remainder when 2441320 is divided by 44?
24
What is the remainder when 6739800 is divided by 1410?
0
Calculate the remainder when 48371 is divided by 379.
238
Calculate the remainder when 3638603 is divided by 90.
83
What is the remainder when 64692792 is divided by 451?
450
Calculate the remainder when 905466 is divided by 301800.
66
Calculate the remainder when 477544 is divided by 3293.
59
Calculate the remainder when 110117211 is divided by 27529300.
11
Calculate the remainder when 8820548 is divided by 39.
35
Calculate the remainder when 4553321 is divided by 953.
840
Calculate the remainder when 452309 is divided by 968.
253
What is the remainder when 114037418 is divided by 23311?
6
Calculate the remainder when 10734863 is divided by 439.
435
Calculate the remainder when 7254949 is divided by 189.
184
What is the remainder when 1109638 is divided by 65226?
796
Calculate the remainder when 31293 is divided by 1953.
45
Calculate the remainder when 152489 is divided by 395.
19
Calculate the remainder when 57583 is divided by 1151.
33
What is the remainder when 64635 is divided by 21473?
216
What is the remainder when 144255607 is divided by 49?
48
What is the remainder when 519917 is divided by 5693?
1854
Calculate the remainder when 20105750 is divided by 1688.
1670
What is the remainder when 14855 is divided by 839?
592
Calculate the remainder when 217990393 is divided by 2694.
2689
What is the remainder when 56327 is divided by 276?
23
Calculate the remainder when 3176 is divided by 317.
6
What is the remainder when 107701 is divided by 3636?
2257
Calculate the remainder when 239761 is divided by 10.
1
What is the remainder when 1574336 is divided by 247?
205
What is the remainder when 5919584 is divided by 591953?
54
Calculate the remainder when 128886 is divided by 4287.
276
Calculate the remainder when 8545876 is divided by 162.
52
What is the remainder when 54957 is divided by 52?
45
Calculate the remainder when 7688199 is divided by 88.
79
What is the remainder when 2741477 is divided by 391631?
60
Calculate the remainder when 2266293 is divided by 745.
3
What is the remainder when 600905279 is divided by 192?
191
What is the remainder when 5936420 is divided by 399?
98
What is the remainder when 223142067 is divided by 16701?
6
Calculate the remainder when 15190530 is divided by 28.
26
Calculate the remainder when 148375237 is divided by 338.
335
What is the remainder when 4639083 is divided by 355?
298
What is the remainder when 323233 is divided by 277?
251
Calculate the remainder when 4770339 is divided by 1502.
1489
Calculate the remainder when 126936194 is divided by 63468086.
22
What is the remainder when 37466316 is divided by 1827?
27
Calculate the remainder when 7794909 is divided by 2598299.
12
Calculate the remainder when 27436020 is divided by 322776.
60
What is the remainder when 3691817 is divided by 21?
17
Calculate the remainder when 116572 is divided by 989.
859
What is the remainder when 707221 is divided by 2947?
2888
What is the remainder when 951866 is divided by 135872?
762
Calculate the remainder when 193477 is divided by 5072.
741
What is the remainder when 441930 is divided by 1227?
210
Calculate the remainder when 57286 is divided by 1083.
970
What is the remainder when 8664234 is divided by 814?
18
What is the remainder when 50148 is divided by 1471?
134
Calculate the remainder when 2268999 is divided by 3147.
12
What is the remainder when 42558497 is divided by 16078?
31
What is the remainder when 772689126 is divided by 7021?
7013
What is the remainder when 80885 is divided by 544?
373
Calculate the remainder when 2475201 is divided by 412531.
15
What is the remainder when 263411 is divided by 85?
81
Calculate the remainder when 2880819 is divided by 1855.
4
What is the remainder when 146687 is divided by 143?
112
What is the remainder when 2640314 is divided by 3568?
3562
What is the remainder when 2156298 is divided by 673?
6
Calculate the remainder when 121096 is divided by 30035.
956
Calculate the remainder when 960632 is divided by 320189.
65
Calculate the remainder when 33986918 is divided by 37.
13
What is the remainder when 1185506 is divided by 237045?
281
Calculate the remainder when 288711 is divided by 1395.
1341
What is the remainder when 1429267 is divided by 622?
533
What is the remainder when 1063570 is divided by 107?
97
Calculate the remainder when 1828916 is divided by 18289.
16
Calculate the remainder when 241201 is divided by 1218.
37
What is the remainder when 27967925 is divided by 2341?
2339
Calculate the remainder when 5280513 is divided by 2315.
2313
Calculate the remainder when 112791 is divided by 188.
179
Calculate the remainder when 9598991 is divided by 59.
45
Calculate the remainder when 164608 is divided by 41151.
4
Calculate the remainder when 896412 is divided by 144.
12
What is the remainder when 37801670 is divided by 381?
374
Calculate the remainder when 249091 is divided by 787.
399
Calculate the remainder when 1603545 is divided by 57268.
41
What is the remainder when 1212562 is divided by 15157?
2
Calculate the remainder when 3504810 is divided by 12.
6
C